*3 - 21*z**2 - 14*z - 59. Let n be d(-11). What is the highest common factor of n and 8?
8
Suppose s + 528 = -2*m + 3*s, 2*m + 2*s = -516. Let r = m + 468. Calculate the highest common factor of 23 and r.
23
Let w be 3 + 0 - (10 - 7). Suppose -4*s - 13 = -f + 1, -2*f - 4*s - 8 = w. What is the greatest common divisor of 22 and f?
2
Suppose -52 = -4*t - 3*j + 24, -5*j + 100 = 5*t. Suppose -3*y = -7*y - 16, 4*r + y = t. What is the highest common factor of r and 5?
5
Suppose 8*o + 396 = 1788. Calculate the highest common divisor of 6 and o.
6
Suppose 3*a = 3*j - 1137, -2*j = -4*j - 3*a + 733. Suppose -3*g - 5 = 7, g = r - j. Calculate the greatest common divisor of r and 37.
37
Let o be 2 - (-27 - 2*-1). Let h be 6*(-3 + (-30)/(-9)). Suppose 0 = 5*b + 5, -2*b + 32 = 2*p + h*b. Calculate the greatest common divisor of p and o.
9
Let m(i) = -2*i + 15. Suppose 0 = -q + 5 - 9. Let g be (4/6)/(q/(-36)). Let f be m(g). Calculate the greatest common divisor of f and 18.
3
Let z be 1024/72 + 4/(-18). Suppose k - 4*s - 14 = z, 3*s = -3*k + 84. Suppose 7*m = 5*m + k. What is the greatest common divisor of 35 and m?
7
Suppose 0 = -3*l + 3*g - 11 + 53, 0 = 3*g - 3. Suppose 842 + 33 = 175*v. What is the highest common divisor of v and l?
5
Suppose -50*h - 485 = -5*a - 45*h, 0 = -2*a + 3*h + 196. What is the highest common factor of 133 and a?
19
Suppose -1282 = -11*l + 654. What is the highest common factor of l and 16?
16
Suppose 4*p - 452 = -4*o, -4*o + 6*o + 234 = 2*p. What is the greatest common divisor of p and 138?
23
Suppose -4*g = 4*q + 204, 5*g - 3*q + 345 - 90 = 0. Let i = -24 - g. What is the highest common divisor of 54 and i?
27
Let x be -1*(21 + -23)*(1 - -1). What is the highest common divisor of 2 and x?
2
Let d(r) = -r**3 - 5*r**2 - r - 24. Let b be d(-6). Calculate the highest common factor of 198 and b.
18
Suppose 5*q - q = -4*l - 20, -4*l + 10 = -2*q. Suppose l = -5*r + 4*r + 5*s + 45, 0 = 5*s + 25. What is the greatest common factor of 100 and r?
20
Suppose -r + 4*r = 186. Let u = 167 - r. Suppose 0 = 265*a - 166*a - 2079. What is the highest common factor of a and u?
21
Suppose 895*o = 896*o - 1062. Calculate the greatest common divisor of 36 and o.
18
Let z be 5/3 + (-2)/(-6) + -1. Suppose -3*y - z = -64. Calculate the greatest common factor of 84 and y.
21
Suppose 5*i - 7*i + 4 = 0. Suppose i = 3*q - 7. Suppose 0*u - 180 = -q*u. Calculate the highest common divisor of 40 and u.
20
Let b be (-40)/((-4)/(-3)*(-6)/4). Let q be (300/8)/((-6)/(-16)). What is the highest common divisor of q and b?
20
Suppose -3*n + u = 3*u - 29, -19 = -2*n - u. Suppose 2*j - 2*l - 54 + 40 = 0, 4*j + 3*l - 42 = 0. Calculate the greatest common factor of j and n.
9
Suppose -8*u + 4*i - 570 = -13*u, -5*u + 570 = 5*i. Calculate the highest common divisor of 513 and u.
57
Suppose -138*z + 174*z - 432 = 0. Let p be 758/7 + (-4)/14. What is the greatest common divisor of z and p?
12
Let z be 8 - 1*2/(-2). Let n(u) be the first derivative of 2*u**3/3 - 21*u**2/2 + 11*u + 12. Let w be n(10). Calculate the greatest common factor of z and w.
1
Let w(j) = j**3 - 4*j**2 + 6*j + 1. Suppose 0 = 3*m + 25 - 34. Let k be w(m). Calculate the highest common divisor of k and 10.
10
Suppose -4*t - 3*u + 304 = -u, 3*u = -3*t + 231. Suppose -2*l + 50 + 45 = g, t = l - 5*g. Calculate the highest common factor of l and 10.
10
Let u = 88 - 49. Let k = u - 24. Suppose -3*b = -4*b + k. What is the greatest common divisor of b and 15?
15
Suppose 5*d + 5*h - 510 = 0, -127*d + 2*h + 111 = -126*d. What is the greatest common factor of 105 and d?
105
Let y be 3 - -16 - (-1 + 15/10)*-8. Let z be 16/6*(-6)/(-4). Let t be 1/4 - (-91)/z. What is the highest common divisor of t and y?
23
Suppose -5*u + 71 + 104 = 0. Calculate the highest common divisor of u and 50.
5
Suppose -7*w + 14 = -5*w. Suppose -876 = -h - 855. Calculate the highest common factor of w and h.
7
Suppose -31*d + 3528 + 5431 = 0. What is the highest common factor of d and 34?
17
Suppose o - 75 = -f - 24, 48 = o - 2*f. Let r(b) = 18*b**2 + 5*b + 3. Let t be r(-3). Calculate the greatest common divisor of o and t.
50
Suppose 3*x = 5*b + 57, 2*b - 26 + 102 = 5*x. What is the highest common divisor of x and 14?
14
Let d be (0 - -1)/(6/72). Suppose -5*s = a - 44, 1 = -2*a - 1. Calculate the greatest common divisor of d and s.
3
Let j(c) = 3*c + 15. Let d be j(0). Let k = 52 - -8. What is the highest common factor of d and k?
15
Let o(l) = l**3 - 7*l**2 - 12*l - 4. Let d = -14 - -23. Let x be o(d). Let v be (-98)/(-10) + 1/5. What is the greatest common factor of x and v?
10
Let h(j) = 3*j**2 - 7*j - 14. Let t be h(7). Suppose -f = -3*f + t. What is the greatest common divisor of 6 and f?
6
Let c = -1513 + 1823. What is the highest common divisor of 124 and c?
62
Suppose 0 = 5*g - 4*g - 1. Let o be -6*(34/(-4) + g). Let n = -418 - -433. Calculate the greatest common divisor of n and o.
15
Let w = 1041 + -372. Suppose 13*f - 241 = w. Calculate the highest common factor of f and 105.
35
Suppose -43 = -32*m + 437. What is the highest common divisor of m and 555?
15
Let t(z) = 2*z**3 - 3*z**2 - 5*z + 5. Let n be t(3). Suppose -n*q = -12*q - 20. What is the greatest common factor of q and 2?
2
Suppose -3*c - 138 = -3*f, -7*c = -f - 12*c + 34. Suppose -396 = 3*r - 4*r. Calculate the greatest common factor of f and r.
44
Suppose 0 = -3*v + 2 + 4, -2*q = -4*v - 24. What is the greatest common divisor of q and 16?
16
Let n be (-1608)/(-42) - (-2)/(-7). Let z(g) = g. Let o be z(5). Suppose o = 5*r - 0*r, -3*r + 193 = 5*h. What is the greatest common factor of h and n?
38
Suppose -4*f + 1266 + 1014 = 0. Calculate the greatest common factor of 228 and f.
114
Suppose 0 = 52*k + 43*k - 5225. Let m(y) = y + 6. Let z be m(5). What is the highest common divisor of k and z?
11
Suppose 45*y = -10*y + 990. Let p = -62 + 134. What is the greatest common divisor of y and p?
18
Let n = -222 - -236. What is the highest common divisor of n and 112?
14
Suppose 0 = x - 4*s - 309 + 277, -3*x - 2*s = -82. Calculate the greatest common factor of 1652 and x.
28
Suppose -5*r = -8*r. Suppose g + 5*f - 21 + r = 0, -3*g - 5*f = -63. Calculate the greatest common divisor of g and 14.
7
Let q = -14 - 19. Let k = -20 - q. Let i be 1038/(-16)*-2 + (-3)/(-12). What is the greatest common divisor of k and i?
13
Suppose 33 = w - 58. Let u be (-21)/(-56) - (-1212)/96. Calculate the greatest common factor of u and w.
13
Let p = 697 + -554. What is the greatest common divisor of p and 99?
11
Suppose -16 - 15 = -2*j - 5*i, -i - 37 = -5*j. Suppose -4*w + 3*w = -j. Calculate the greatest common factor of 20 and w.
4
Suppose -8*j - 46*j + 270 = 0. What is the highest common divisor of 95 and j?
5
Let i be (-4)/(-7) - 323858/(-791). Calculate the greatest common divisor of i and 20.
10
Let k = -43 + 87. Let o(q) = 3*q**3 - q**2 + 1. Let c be o(1). Suppose c*a = -0*a + 330. Calculate the greatest common factor of a and k.
22
Let l = 1482 + -1406. What is the greatest common divisor of l and 494?
38
Let i(w) = w + 8. Let t be i(-6). Suppose 2 + 22 = 4*b. Suppose -24 = -b*s - 12. Calculate the greatest common factor of t and s.
2
Let z be (-7)/(-2)*((-96)/(-6) - 8). What is the greatest common divisor of 350 and z?
14
Suppose 2*x = -x. Suppose x*y - 12 = 4*y. Let a be (-4)/(y - -2) + 359. What is the highest common factor of 33 and a?
33
Let t = -17 + 22. Suppose -3*q + 303 = 5*i, 0 = i - t*i + q + 239. Calculate the highest common divisor of 12 and i.
12
Let d be 1932/126*(1 + 17). What is the greatest common divisor of 92 and d?
92
Suppose 112*n - 109*n = 87. Let p = 28 - -175. What is the greatest common factor of p and n?
29
Let d(l) = -3*l**3 - 3*l**2 - l. Let s be d(-2). Calculate the greatest common divisor of 16 and s.
2
Suppose -7*l + 274 - 64 = 0. Suppose 0 = -5*i - i + 144. Calculate the greatest common factor of l and i.
6
Let f(l) = l**2 - 3*l - 9. Let h be f(4). Let p be (30/3)/(7 + h). What is the greatest common factor of p and 2?
1
Let z = -593 - -629. Calculate the greatest common divisor of z and 876.
12
Let f = 14 - 9. Let x(i) = 18 + i - f - 4 + 21. Let b be x(0). What is the highest common divisor of b and 12?
6
Let d(l) = -l - 7. Let h be d(-8). Let b be -4